me factors of 4135780877.
4135780877
List the prime factors of 3823343544.
2, 3, 23, 6926347
List the prime factors of 3443046671.
101, 34089571
What are the prime factors of 43819994?
2, 4639, 4723
List the prime factors of 385681122.
2, 3, 449, 15907
What are the prime factors of 19554346?
2, 7, 641, 2179
List the prime factors of 819422405.
5, 19, 29, 43, 6917
List the prime factors of 45371949.
3, 7, 919, 2351
List the prime factors of 93851104.
2, 47, 62401
List the prime factors of 45256714.
2, 31, 729947
What are the prime factors of 390107113?
11, 2207, 16069
What are the prime factors of 286423636?
2, 103, 431, 1613
What are the prime factors of 515537465?
5, 37, 331, 8419
List the prime factors of 145224535.
5, 3613, 8039
What are the prime factors of 105409770?
2, 3, 5, 41, 43, 1993
List the prime factors of 1239537008.
2, 547, 141629
What are the prime factors of 5717923435?
5, 7, 839, 27817
What are the prime factors of 42860087?
127, 281, 1201
What are the prime factors of 155726499?
3, 2857, 18169
List the prime factors of 1427658147.
3, 17, 9331099
List the prime factors of 5630804232.
2, 3, 1367, 171629
What are the prime factors of 5648462858?
2, 20981, 134609
What are the prime factors of 15900925?
5, 271, 2347
What are the prime factors of 320307123?
3, 281, 409, 929
What are the prime factors of 3906151247?
47, 83109601
List the prime factors of 47126306.
2, 1543, 15271
What are the prime factors of 22953151?
13, 1765627
What are the prime factors of 72644339?
83, 875233
List the prime factors of 51693558.
2, 3, 7, 23, 59, 907
List the prime factors of 670679765.
5, 7, 19, 1008541
List the prime factors of 8064820.
2, 5, 403241
What are the prime factors of 21885037?
1031, 21227
List the prime factors of 486171625.
5, 3889373
What are the prime factors of 745012155?
3, 5, 1889, 26293
What are the prime factors of 407618766?
2, 3, 1523, 14869
List the prime factors of 210705593.
7, 30100799
What are the prime factors of 622962983?
622962983
List the prime factors of 142359249.
3, 2713, 17491
What are the prime factors of 5030048915?
5, 5711, 176153
What are the prime factors of 303195905?
5, 60639181
List the prime factors of 8846110.
2, 5, 7, 13, 9721
List the prime factors of 616794973.
53, 61, 107, 1783
List the prime factors of 388248789.
3, 129416263
List the prime factors of 2241867200.
2, 5, 1401167
What are the prime factors of 348614094?
2, 3, 58102349
What are the prime factors of 786737752?
2, 29, 241, 14071
List the prime factors of 224984901.
3, 37, 43, 47137
List the prime factors of 220206562.
2, 47, 2342623
What are the prime factors of 3387897980?
2, 5, 19, 8915521
List the prime factors of 42908213.
19, 2258327
List the prime factors of 117476425.
5, 11, 631, 677
What are the prime factors of 1248503065?
5, 43, 47, 123553
List the prime factors of 123874306.
2, 2647, 23399
What are the prime factors of 23483543?
23483543
List the prime factors of 1799149253.
11, 17, 107, 89917
What are the prime factors of 5438676162?
2, 3, 1607, 564061
List the prime factors of 1516699325.
5, 101, 600673
What are the prime factors of 79387758?
2, 3, 4410431
List the prime factors of 2170922186.
2, 787, 1379239
What are the prime factors of 2130257432?
2, 163, 1633633
List the prime factors of 5078893688.
2, 11, 476981
What are the prime factors of 150412933?
11, 13673903
What are the prime factors of 442103273?
442103273
List the prime factors of 139184976.
2, 3, 7, 414241
What are the prime factors of 213445024?
2, 13, 241, 2129
List the prime factors of 190686855.
3, 5, 2543, 4999
List the prime factors of 2781666639.
3, 991, 311881
List the prime factors of 1255050116.
2, 43, 7296803
What are the prime factors of 779816482?
2, 2393, 162937
List the prime factors of 49133156.
2, 12283289
What are the prime factors of 42904997?
149, 199, 1447
List the prime factors of 475384566.
2, 3, 17, 31, 150343
What are the prime factors of 1538128467?
3, 56967721
What are the prime factors of 29580564?
2, 3, 13, 189619
What are the prime factors of 87506367?
3, 13, 2243753
What are the prime factors of 3723725140?
2, 5, 37, 5032061
List the prime factors of 78901693.
13, 107, 131, 433
What are the prime factors of 3269734621?
7297, 448093
List the prime factors of 2191247368.
2, 17, 61, 264133
What are the prime factors of 609488835?
3, 5, 40632589
List the prime factors of 26374695.
3, 5, 43, 103, 397
What are the prime factors of 473625363?
3, 9781, 16141
List the prime factors of 2824030220.
2, 5, 11, 2857, 4493
What are the prime factors of 120016970?
2, 5, 12001697
What are the prime factors of 867641852?
2, 7, 11, 17, 165707
List the prime factors of 75323695.
5, 19, 792881
What are the prime factors of 234280570?
2, 5, 17, 179, 7699
List the prime factors of 240656603.
11, 19, 881, 1307
What are the prime factors of 1667794992?
2, 3, 34745729
What are the prime factors of 7698214?
2, 3849107
List the prime factors of 33804867.
3, 2963, 3803
What are the prime factors of 758396690?
2, 5, 17, 29, 9049
What are the prime factors of 436027948?
2, 41, 2658707
What are the prime factors of 166681009?
11, 29, 47501
List the prime factors of 699260355.
3, 5, 839, 18521
What are the prime factors of 838870449?
3, 279623483
List the prime factors of 2020581796.
2, 521, 969569
What are the prime factors of 35066055?
3, 5, 2337737
List the prime factors of 246594839.
246594839
What are the prime factors of 19774846?
2, 7, 13, 179, 607
What are the prime factors of 856651757?
13, 113, 583153
What are the prime factors of 549708587?
9631, 57077
List the prime factors of 3348272657.
44711, 74887
List the prime factors of 63929651.
463, 138077
List the prime factors of 273442696.
2, 34180337
What are the prime factors of 140769007?
53, 137, 19387
List the prime factors of 1590501254.
2, 795250627
List the prime factors of 501905070.
2, 3, 5, 373, 14951
List the prime factors of 32849733.
3, 7, 41, 38153
What are the prime factors of 533767312?
2, 13, 2566189
List the prime factors of 6568630951.
31, 41, 131, 39451
List the prime factors of 2247741494.
2, 43, 26136529
List the prime factors of 226003351.
7, 29, 1113317
What are the prime factors of 145325079?
3, 43, 137, 2741
List the prime factors of 3004775732.
2, 7, 107313419
List the prime factors of 519624737.
17, 83, 113, 3259
List the prime factors of 252235739.
7, 36033677
List the prime factors of 3421555469.
1567, 2183507
What are the prime factors of 1654748615?
5, 13, 79, 322249
List the prime factors of 58440086.
2, 19, 1537897
List the prime factors of 52543746.
2, 3, 2919097
What are the prime factors of 4192961?
569, 7369
What are the prime factors of 59270873?
113, 524521
List the prime factors of 616133098.
2, 7, 44009507
List the prime factors of 3093835294.
2, 11, 23, 43, 142193
List the prime factors of 690485588.
2, 13, 13278569
List the prime factors of 488700337.
31, 157, 100411
List the prime factors of 5641120279.
5641120279
List the prime factors of 311585913.
3, 881, 13099
What are the prime factors of 11855925?
3, 5, 23, 29, 79
What are the prime factors of 83853086?
2, 41926543
What are the prime factors of 33206134?
2, 13, 17, 5779
List the prime factors of 85265938.
2, 42632969
List the prime factors of 782577979.
89, 2803, 3137
What are the prime factors of 48153745?
5, 107, 90007
List the prime factors of 198353744.
2, 37, 335057
List the prime factors of 1344399298.
2, 11, 5555369
What are the prime factors of 149922857?
7, 2957, 7243
What are the prime factors of 251852159?
13, 19373243
List the prime factors of 60571101.
3, 20190367
What are the prime factors of 391423161?
3, 19, 6867073
List the prime factors of 87096337.
617, 141161
List the prime factors of 263903743.
5387, 48989
List the prime factors of 30304574.
2, 17, 891311
What are the prime factors of 891578427?
3, 297192809
What are the prime factors of 263899769?
7, 23, 101, 16229
List the prime factors of 7085383.
277, 25579
What are the prime factors of 513237567?
3, 103, 1660963
List the prime factors of 1627447552.
2, 6357217
List the prime factors of 4057197805.
5, 811439561
List the prime factors of 766705401.
3, 7, 11, 61, 2591
List the prime factors of 6313096934.
2, 41, 2309, 333